{"id":13,"date":"2018-12-05T14:45:28","date_gmt":"2018-12-05T05:45:28","guid":{"rendered":"https:\/\/nittai-club-shizuoka.com\/?page_id=13"},"modified":"2020-07-22T13:37:44","modified_gmt":"2020-07-22T04:37:44","slug":"%e3%81%8a%e5%95%8f%e3%81%84%e5%90%88%e3%82%8f%e3%81%9b","status":"publish","type":"page","link":"https:\/\/nittai-club-shizuoka.com\/?page_id=13","title":{"rendered":"\u304a\u554f\u3044\u5408\u308f\u305b"},"content":{"rendered":"<p>\u4f4f\u6240\u5909\u66f4\u5c4a\u3051\u3001\u65b0\u898f\u4f1a\u54e1\u767b\u9332\u3001\u3054\u9023\u7d61\u306e\u505c\u6b62\u304a\u3088\u3073\u304a\u554f\u5408\u305b\u306f\u4e0b\u8a18\u30d5\u30a9\u30fc\u30e0\u3088\u308a\u53d7\u3051\u4ed8\u3051\u3066\u304a\u308a\u307e\u3059\u3002<br \/>\n\u4f4f\u6240\u5909\u66f4\u5c4a\u3051\u304a\u3088\u3073\u65b0\u898f\u4f1a\u54e1\u767b\u9332\u3001\u3054\u9023\u7d61\u306e\u505c\u6b62\u306b\u95a2\u3057\u3066\u306f\u3001\u672c\u540c\u7a93\u4f1a\u4f1a\u54e1\u3067\u3042\u308b\u3053\u3068\u304c\u78ba\u8a8d\u3067\u304d\u307e\u3057\u305f\u3089\u3001\u968f\u6642\u5909\u66f4\u3092\u884c\u3044\u307e\u3059\u3002<br \/>\n\u304a\u554f\u5408\u305b\u306b\u95a2\u3057\u3066\u306f\u3067\u304d\u308b\u3060\u3051\u901f\u3084\u304b\u306b\u3054\u8fd4\u4fe1\u3055\u305b\u3066\u3044\u305f\u3060\u304f\u3088\u3046\u52aa\u3081\u3055\u305b\u3066\u3044\u305f\u3060\u304d\u307e\u3059\u3002 \u306a\u304a\u500b\u4eba\u60c5\u5831\u306e\u53d6\u308a\u6271\u3044\u306b\u3064\u3044\u3066\u306f<a href=\"https:\/\/nittai-club-shizuoka.com\/?page_id=3\">\u30d7\u30e9\u30a4\u30d0\u30b7\u30fc\u30dd\u30ea\u30b7\u30fc<\/a>\u3092\u3054\u78ba\u8a8d\u304f\u3060\u3055\u3044\u3002<\/p>\n\n<div class=\"wpcf7 no-js\" id=\"wpcf7-f457-o1\" lang=\"ja\" dir=\"ltr\" data-wpcf7-id=\"457\">\n<div class=\"screen-reader-response\"><p role=\"status\" aria-live=\"polite\" aria-atomic=\"true\"><\/p> <ul><\/ul><\/div>\n<script type=\"text\/javascript\" charset=\"UTF-8\" src=\"https:\/\/zipaddr.github.io\/zipaddrx.js?v=1.42\"><\/script><script defer src=\"data:text\/javascript;base64,ZnVuY3Rpb24gemlwYWRkcl9vd25iKCl7WlAuZGxpPSctJztaUC53cD0nMSc7WlAudXZlcj0nMzcwMzQuNTMxOTUuNTI2MzInO1pQLnN5c2lkPSdDb250YWN0Rm9ybTcnO30=\"><\/script><script type=\"text\/javascript\" charset=\"UTF-8\" src=\"https:\/\/zipaddr.github.io\/contactform7.js\"><\/script><form action=\"\/index.php?rest_route=%2Fwp%2Fv2%2Fpages%2F13#wpcf7-f457-o1\" method=\"post\" class=\"wpcf7-form init\" aria-label=\"\u30b3\u30f3\u30bf\u30af\u30c8\u30d5\u30a9\u30fc\u30e0\" novalidate=\"novalidate\" data-status=\"init\">\n<fieldset class=\"hidden-fields-container\"><input type=\"hidden\" name=\"_wpcf7\" value=\"457\" \/><input type=\"hidden\" name=\"_wpcf7_version\" value=\"6.1.5\" \/><input type=\"hidden\" name=\"_wpcf7_locale\" value=\"ja\" \/><input type=\"hidden\" name=\"_wpcf7_unit_tag\" value=\"wpcf7-f457-o1\" \/><input type=\"hidden\" name=\"_wpcf7_container_post\" value=\"0\" \/><input type=\"hidden\" name=\"_wpcf7_posted_data_hash\" value=\"\" \/><input type=\"hidden\" name=\"_wpcf7_recaptcha_response\" value=\"\" \/>\n<\/fieldset>\n<table class=\"table table-bordered table-striped table-contactform7\">\n\t<tr>\n\t\t<th>\n\t\t\t<p><span class=\"required-contactform7\">\u5fc5\u9808<\/span><span class=\"title-contactform7\">\u304a\u540d\u524d<\/span>\n\t\t\t<\/p>\n\t\t<\/th>\n\t\t<td>\n\t\t\t<p><span class=\"wpcf7-form-control-wrap\" data-name=\"your-name\"><input size=\"40\" maxlength=\"400\" class=\"wpcf7-form-control wpcf7-text wpcf7-validates-as-required\" aria-required=\"true\" aria-invalid=\"false\" placeholder=\"\u4f8b\uff1a\u65e5\u4f53\u3000\u592a\u90ce\" value=\"\" type=\"text\" name=\"your-name\" \/><\/span>\n\t\t\t<\/p>\n\t\t<\/td>\n\t<\/tr>\n\t<tr>\n\t\t<th>\n\t\t\t<p><span class=\"required-contactform7\">\u5fc5\u9808<\/span><span class=\"title-contactform7\">\u30e1\u30fc\u30eb\u30a2\u30c9\u30ec\u30b9<\/span>\n\t\t\t<\/p>\n\t\t<\/th>\n\t\t<td>\n\t\t\t<p><span class=\"wpcf7-form-control-wrap\" data-name=\"your-email\"><input size=\"40\" maxlength=\"400\" class=\"wpcf7-form-control wpcf7-email wpcf7-validates-as-required wpcf7-text wpcf7-validates-as-email\" aria-required=\"true\" aria-invalid=\"false\" placeholder=\"\u4f8b\uff1a\u00d7\u00d7\u00d7@\u00d7\u00d7\u00d7.com\" value=\"\" type=\"email\" name=\"your-email\" \/><\/span>\n\t\t\t<\/p>\n\t\t<\/td>\n\t<\/tr>\n\t<tr>\n\t<\/tr>\n\t<tr>\n\t\t<th>\n\t\t\t<p><span class=\"required-contactform7\">\u5fc5\u9808<\/span><span class=\"title-contactform7\">\u3054\u4f4f\u6240<\/span>\n\t\t\t<\/p>\n\t\t<\/th>\n\t\t<td class=\"address-100\">\n\t\t\t<p><span class=\"wpcf7-form-control-wrap\" data-name=\"addr\"><input size=\"40\" maxlength=\"400\" class=\"wpcf7-form-control wpcf7-text wpcf7-validates-as-required\" id=\"addr\" aria-required=\"true\" aria-invalid=\"false\" placeholder=\"\u4f8b\uff1a\u3012433-8111 \u9759\u5ca1\u770c\u6d5c\u677e\u5e02\u4e2d\u533a\u8475\u897f6\u4e01\u76ee10-48\" value=\"\" type=\"text\" name=\"addr\" \/><\/span>\n\t\t\t<\/p>\n\t\t<\/td>\n\t<\/tr>\n\t<tr>\n\t\t<th>\n\t\t\t<p><span class=\"required-contactform7\">\u5fc5\u9808<\/span><span class=\"title-contactform7\">\u304a\u96fb\u8a71\u756a\u53f7<\/span>\n\t\t\t<\/p>\n\t\t<\/th>\n\t\t<td>\n\t\t\t<p><span class=\"wpcf7-form-control-wrap\" data-name=\"text-17\"><input size=\"40\" maxlength=\"400\" class=\"wpcf7-form-control wpcf7-text wpcf7-validates-as-required\" aria-required=\"true\" aria-invalid=\"false\" placeholder=\"\u4f8b\uff1a053-466-6899\" value=\"\" type=\"text\" name=\"text-17\" \/><\/span>\n\t\t\t<\/p>\n\t\t<\/td>\n\t<\/tr>\n\t<tr>\n\t\t<th>\n\t\t\t<p><span class=\"required-contactform7\">\u5fc5\u9808<\/span><span class=\"title-contactform7\">\u304a\u554f\u3044\u5408\u308f\u305b\u5185\u5bb9<\/span>\n\t\t\t<\/p>\n\t\t<\/th>\n\t\t<td>\n\t\t\t<p><span class=\"wpcf7-form-control-wrap\" data-name=\"textarea-156\"><textarea cols=\"40\" rows=\"10\" maxlength=\"2000\" class=\"wpcf7-form-control wpcf7-textarea wpcf7-validates-as-required\" aria-required=\"true\" aria-invalid=\"false\" name=\"textarea-156\"><\/textarea><\/span>\n\t\t\t<\/p>\n\t\t<\/td>\n\t<\/tr>\n<\/table>\n<p>\n\n<\/p>\n<p class=\"text-xs-center\"><input class=\"wpcf7-form-control wpcf7-submit has-spinner btn btn-success btn-lg\" type=\"submit\" value=\"\u9001\u4fe1\u3059\u308b\" \/>\n<\/p><div class=\"wpcf7-response-output\" aria-hidden=\"true\"><\/div>\n<\/form>\n<\/div>\n\n","protected":false},"excerpt":{"rendered":"\u4f4f\u6240\u5909\u66f4\u5c4a\u3051\u3001\u65b0\u898f\u4f1a\u54e1\u767b\u9332\u3001\u3054\u9023\u7d61\u306e\u505c\u6b62\u304a\u3088\u3073\u304a\u554f\u5408\u305b\u306f\u4e0b\u8a18\u30d5\u30a9\u30fc\u30e0\u3088\u308a\u53d7\u3051\u4ed8\u3051\u3066\u304a\u308a\u307e\u3059\u3002 \u4f4f\u6240\u5909\u66f4\u5c4a\u3051\u304a\u3088\u3073\u65b0\u898f\u4f1a\u54e1\u767b\u9332\u3001\u3054\u9023\u7d61\u306e\u505c\u6b62\u306b\u95a2\u3057\u3066\u306f\u3001\u672c\u540c\u7a93\u4f1a\u4f1a\u54e1\u3067\u3042\u308b\u3053\u3068\u304c\u78ba\u8a8d\u3067\u304d\u307e\u3057\u305f\u3089\u3001\u968f\u6642\u5909\u66f4\u3092\u884c\u3044\u307e\u3059\u3002 \u304a\u554f\u5408 [&hellip;]","protected":false},"author":1,"featured_media":0,"parent":0,"menu_order":0,"comment_status":"closed","ping_status":"closed","template":"page-noside.php","meta":{"_exactmetrics_skip_tracking":false,"_exactmetrics_sitenote_active":false,"_exactmetrics_sitenote_note":"","_exactmetrics_sitenote_category":0,"footnotes":""},"class_list":["post-13","page","type-page","status-publish","placeholder-for-hentry"],"aioseo_notices":[],"amp_enabled":false,"_links":{"self":[{"href":"https:\/\/nittai-club-shizuoka.com\/index.php?rest_route=\/wp\/v2\/pages\/13","targetHints":{"allow":["GET"]}}],"collection":[{"href":"https:\/\/nittai-club-shizuoka.com\/index.php?rest_route=\/wp\/v2\/pages"}],"about":[{"href":"https:\/\/nittai-club-shizuoka.com\/index.php?rest_route=\/wp\/v2\/types\/page"}],"author":[{"embeddable":true,"href":"https:\/\/nittai-club-shizuoka.com\/index.php?rest_route=\/wp\/v2\/users\/1"}],"replies":[{"embeddable":true,"href":"https:\/\/nittai-club-shizuoka.com\/index.php?rest_route=%2Fwp%2Fv2%2Fcomments&post=13"}],"version-history":[{"count":5,"href":"https:\/\/nittai-club-shizuoka.com\/index.php?rest_route=\/wp\/v2\/pages\/13\/revisions"}],"predecessor-version":[{"id":458,"href":"https:\/\/nittai-club-shizuoka.com\/index.php?rest_route=\/wp\/v2\/pages\/13\/revisions\/458"}],"wp:attachment":[{"href":"https:\/\/nittai-club-shizuoka.com\/index.php?rest_route=%2Fwp%2Fv2%2Fmedia&parent=13"}],"curies":[{"name":"wp","href":"https:\/\/api.w.org\/{rel}","templated":true}]}}